52491 a multiple of 15?
False
Does 57 divide 216144?
True
Is 488 a factor of 109312?
True
Does 578 divide 2164032?
True
Does 250 divide 878521?
False
Is 1006981 a multiple of 19?
True
Does 3 divide 380957?
False
Is 18732816 a multiple of 216?
True
Is 147478 a multiple of 234?
False
Is 14 a factor of 472194?
False
Is 971 a factor of 6398724?
False
Does 20 divide 157460?
True
Does 108 divide 18644364?
True
Is 144686 a multiple of 73?
True
Is 803894 a multiple of 91?
True
Does 13 divide 8965933?
False
Is 701700 a multiple of 797?
False
Is 9395840 a multiple of 1060?
True
Is 36 a factor of 220048?
False
Is 17 a factor of 978159?
False
Is 552784 a multiple of 285?
False
Does 915 divide 6981796?
False
Does 106 divide 1118410?
False
Does 16 divide 61205?
False
Is 16 a factor of 1920?
True
Is 1168100 a multiple of 31?
False
Is 134 a factor of 109268?
False
Does 3 divide 196131?
True
Is 8935229 a multiple of 224?
False
Is 1087 a factor of 901116?
False
Is 2032201 a multiple of 263?
True
Is 1498 a factor of 1465044?
True
Does 3 divide 86607?
True
Is 35 a factor of 286453?
False
Is 25 a factor of 293725?
True
Is 604737 a multiple of 63?
True
Is 29 a factor of 2475897?
False
Does 39 divide 3660612?
False
Does 182 divide 85904?
True
Does 39 divide 1216473?
False
Is 207919 a multiple of 53?
True
Does 32 divide 67895?
False
Does 16 divide 1053296?
True
Does 7 divide 67023?
False
Does 14 divide 1023068?
False
Is 430 a factor of 194300?
False
Is 182615 a multiple of 120?
False
Does 15 divide 440709?
False
Does 32 divide 100864?
True
Is 12 a factor of 1558354?
False
Is 419440 a multiple of 26?
False
Is 170 a factor of 230966?
False
Is 1796459 a multiple of 697?
False
Is 6 a factor of 170742?
True
Does 48 divide 5390400?
True
Is 105 a factor of 1629014?
False
Does 893 divide 5813508?
False
Is 8 a factor of 9432?
True
Is 546000 a multiple of 520?
True
Is 853620 a multiple of 104?
False
Is 12550657 a multiple of 59?
True
Is 4565 a multiple of 98?
False
Is 735 a factor of 265826?
False
Is 29 a factor of 17971?
False
Does 74 divide 1062242?
False
Is 1540 a factor of 2765840?
True
Is 167 a factor of 55144?
False
Does 220 divide 2460920?
True
Is 244296 a multiple of 783?
True
Is 69 a factor of 1708415?
False
Is 2996010 a multiple of 28?
False
Is 2610087 a multiple of 34?
False
Is 182 a factor of 1472380?
True
Is 51910 a multiple of 331?
False
Is 72828 a multiple of 18?
True
Is 102 a factor of 1098846?
True
Is 20022 a multiple of 141?
True
Is 1476999 a multiple of 29?
True
Does 50 divide 114000?
True
Is 543 a factor of 1082742?
True
Is 97812 a multiple of 132?
True
Is 2421006 a multiple of 21?
True
Is 184441 a multiple of 39?
False
Does 8 divide 67088?
True
Does 154 divide 7664863?
False
Is 47 a factor of 237817?
False
Is 163 a factor of 34696?
False
Is 4 a factor of 2677?
False
Is 983634 a multiple of 426?
True
Is 841440 a multiple of 160?
True
Is 9 a factor of 1072746?
True
Is 129546 a multiple of 29?
False
Does 145 divide 2759640?
True
Is 1580250 a multiple of 210?
True
Is 353 a factor of 2773194?
False
Is 12 a factor of 3261480?
True
Is 242 a factor of 8885117?
False
Is 20 a factor of 785691?
False
Does 5 divide 134775?
True
Is 757777 a multiple of 31?
False
Does 53 divide 467884?
True
Does 2 divide 405321?
False
Is 2081240 a multiple of 8?
True
Is 34498 a multiple of 94?
True
Does 969 divide 3890577?
False
Is 99 a factor of 132264?
True
Is 862 a factor of 1928294?
True
Is 5141760 a multiple of 832?
True
Is 7414087 a multiple of 80?
False
Does 97 divide 431650?
True
Is 77039 a multiple of 7?
False
Is 17 a factor of 660977?
True
Is 70 a factor of 1909460?
True
Is 45354 a multiple of 3?
True
Does 98 divide 8451520?
True
Does 234 divide 3018?
False
Is 4 a factor of 2236140?
True
Is 395415 a multiple of 10?
False
Is 1283975 a multiple of 275?
True
Does 204 divide 192665?
False
Does 136 divide 137224?
True
Is 5 a factor of 301330?
True
Does 126 divide 2506564?
False
Is 497 a factor of 58991?
False
Does 37 divide 37096?
False
Is 146811 a multiple of 146?
False
Is 250372 a multiple of 260?
False
Is 2129472 a multiple of 2?
True
Is 70 a factor of 126793?
False
Is 136 a factor of 141304?
True
Is 69 a factor of 17595?
True
Is 175 a factor of 4297650?
True
Is 727862 a multiple of 7?
False
Is 58 a factor of 77140?
True
Is 15 a factor of 557891?
False
Is 423 a factor of 50058?
False
Is 125821 a multiple of 109?
False
Is 251290 a multiple of 641?
False
Is 675521 a multiple of 208?
False
Is 15 a factor of 187695?
True
Is 173118 a multiple of 33?
True
Is 8553317 a multiple of 359?
False
Is 27 a factor of 4573368?
True
Does 36 divide 2237040?
True
Is 83 a factor of 512311?
False
Is 4606458 a multiple of 23?
False
Is 9 a factor of 4490462?
False
Does 2 divide 115261?
False
Is 573 a factor of 825254?
False
Is 10196489 a multiple of 6?
False
Is 32 a factor of 695762?
False
Does 2 divide 3485?
False
Is 14 a factor of 146008?
False
Is 5426973 a multiple of 152?
False
Is 151 a factor of 424763?
True
Is 241 a factor of 50296?
False
Does 296 divide 3479184?
True
Is 6752832 a multiple of 96?
True
Is 614699 a multiple of 31?
True
Is 34 a factor of 615518?
False
Does 12 divide 195905?
False
Is 919052 a multiple of 19?
False
Is 20 a factor of 326147?
False
Is 38 a factor of 4991347?
False
Is 70 a factor of 449813?
False
Is 20 a factor of 4990715?
False
Is 276241 a multiple of 133?
True
Is 17 a factor of 365254?
False
Is 89024 a multiple of 208?
True
Is 326 a factor of 1092677?
False
Does 8 divide 670656?
True
Is 2385140 a multiple of 20?
True
Is 221750 a multiple of 5?
True
Is 125262 a multiple of 9?
True
Is 193707 a multiple of 9?
True
Is 69066 a multiple of 9?
True
Is 142968 a multiple of 138?
True
Is 16 a factor of 251319?
False
Does 89 divide 82460?
False
Is 18 a factor of 2462668?
False
Does 24 divide 51427?
False
Does 23 divide 3502821?
False
Is 4 a factor of 1639903?
False
Does 71 divide 1851291?
False
Is 16 a factor of 1864909?
False
Is 3548545 a multiple of 9?
False
Is 21369478 a multiple of 62?
True
Is 196764 a multiple of 228?
True
Is 7952040 a multiple of 199?
True
Is 2110655 a multiple of 43?
True
Is 11 a factor of 3806?
True
Does 12 divide 2802552?
True
Does 25 divide 36250?
True
Is 9 a factor of 282928?
False
Is 1343216 a multiple of 16?
True
Is 6640987 a multiple of 14?
False
Is 27 a factor of 39339?
True
Is 2505068 a multiple of 292?
True
Does 11 divide 278850?
True
Is 117126 a multiple of 565?
False
Is 1880640 a multiple of 96?
True
Does 1321 divide 13681928?
False
Does 7 divide 5222917?
True
Is 268212 a multiple of 117?
False
Is 36263 a multiple of 2?
False
Is 12479380 a multiple of 1930?
True
Is 4563803 a multiple of 148?
False
Is 42 a factor of 1134?
True
Is 3 a factor of 531157?
False
Is 94695 a multiple of 4?
False
Does 34 divide 1021169?
False
Is 192 a factor of 25658880?
True
Is 1328 a multiple of 12?
False
Is 4 a factor of 643685?
False
Is 32189 a multiple of 172?
False
Does 36 divide 23292?
True
Is 254338 a multiple of 74?
True
Is 11 a factor of 105556?
True
Does 205 divide 186065?
False
Is 21 a factor of 582750?
True
Is 24 a factor of 37008?
True
Does 11 divide 18969720?
True
Does 90 divide 5501692?
False
Is 45482 a multiple of 110?
False
Is 17 a factor of 442449?
False
Does 8 divide 22366?
False
Does 82 divide 815970?
False
Does 14 divide 8484?
True
Is 178 a factor of 364891?
False
Is 34104 a multiple of 7?
True
Is 21 a factor of 672?
True
Is 255 a factor of 1751595?
True
Does 2 divide 51791?
False
Is 125095 a multiple of 197?
True
Is 28158 a multiple of 39?
True
Does 10 divide 91770?
True
Is 57 a factor of 749721?
True
Is 678038 a multiple of 8?
False
Does 71 divide 632965?
True
Is 425180 a multiple of 167?
False
Does 15 divide 94854?
False
Is 616847 a multiple of 9?
False
Is 13 a factor of 14857379?
False
Does 41 divide 155677?
True
Is 33 a factor of 65681?
False
Does 148 divide 145587?
False
Is 316380 a multiple of 12?
True
Is 107 a factor of 240857?
True
Is 87879 a multiple of 11?
True
Does 358 divide 1339775?
False
Is 132 a factor of 27060?
True
Is 36 a factor of 136774?
False
Does 21 divide 6109530?
True
Does 292 divide 2275848?
True
Does 142 divide 1277006?
True
Is 67 a factor of 175004?
True
Is 6448450 a multiple of 64?
False
Does 21 divide 489339?
Fal